-1 - -2. Suppose -4*d + d = s. Let u = d + 26. Calculate the greatest common factor of u and 50.
10
Let n be 6/4 + (-94)/(-4). Let r = n + 11. Suppose 6*c - r = 3*c. Calculate the greatest common factor of c and 12.
12
Let m(q) = q**3 + 5*q**2 - 2*q - 5. Let j be m(-4). Suppose 0 = -3*g - 7 + j. Calculate the highest common divisor of g and 16.
4
Let h = -367 - -577. What is the highest common divisor of 30 and h?
30
Suppose -263 = -5*f + 262. Calculate the greatest common factor of 15 and f.
15
Suppose 16*u - 14*u = 30. Suppose 21 = 2*c - k - 2, 3*c - 15 = -5*k. Calculate the greatest common divisor of u and c.
5
Suppose 7 + 27 = 2*q. What is the highest common divisor of 187 and q?
17
Let a(s) = s**3 - 3*s**2 - 4*s + 4. Let i be a(5). Let m be ((-3)/(-6))/(1/i). Let j = -17 - -34. Calculate the greatest common factor of j and m.
17
Let h be -1 - (-2 + (-64 - -4 - 2)). What is the greatest common divisor of h and 9?
9
Suppose -4*a = -3*b - 4, 3*b - 5*a + 12 = b. What is the greatest common divisor of b and 44?
4
Suppose 0 = 7*o + 91 - 329. Calculate the highest common factor of o and 102.
34
Let j be -4*-2*1/2. What is the highest common divisor of 32 and j?
4
Suppose 4*f = 9 + 3. Suppose 0 = -0*l - f*l - 4*a + 21, a = -4*l + 15. Let g be 112/6 + 18/(-27). Calculate the highest common factor of l and g.
3
Let s be (-2)/(-3) + (-75)/(-9). Calculate the highest common divisor of s and 81.
9
Let g be 106/6 - (-1)/3. Let l(y) = -y**2 - 4*y + 7. Let t be l(-5). Suppose 0 = -t*d - 2, -5*o + 91 = -0*d - d. What is the highest common factor of o and g?
18
Suppose -5*p = 5*l - 370, -3*p - 334 = -4*l - 17. Suppose -5*q - 4*z + 8*z = -111, -3*q + 5*z = -l. Calculate the highest common factor of 19 and q.
19
Suppose -3*b + 4*b + 59 = 5*q, 3*b = 4*q - 56. Calculate the highest common factor of 1 and q.
1
Let k be (-3 + 2 - 0)*-2. Let c be 2/4*(-10 + 10). Suppose c = -k*u + 4*u - 8. Calculate the greatest common factor of 12 and u.
4
Let u be (20/25)/((-4)/(-70)). Suppose -y = 2 - u. Calculate the greatest common divisor of y and 108.
12
Suppose f - 21 = -17. Calculate the greatest common divisor of 48 and f.
4
Let m = 10 - -15. Calculate the greatest common divisor of 50 and m.
25
Let f(p) = -5*p. Let t(l) = -l - 5. Let v be t(-4). Let a be f(v). Suppose a*h - 5*g = 104 + 106, 0 = 3*g. What is the greatest common divisor of h and 105?
21
Let p(k) = -k**3 - 8*k**2 - 6*k + 8. Let x be p(-7). Let a(q) = 12*q**3 + q - 1. Let y be a(x). Calculate the highest common divisor of 48 and y.
12
Suppose -9*w = -65 + 11. What is the highest common factor of w and 24?
6
Let l = -46 - -115. Calculate the highest common divisor of 23 and l.
23
Suppose -2*l + 3*w + 11 = 0, 0 = w - 0 - 5. Calculate the highest common factor of l and 52.
13
Suppose 0 = k - 4*k. Let z(g) = g**2 + 3. Let n be z(k). Let r be (42/(-28))/(1/(-2)). What is the highest common factor of n and r?
3
Let j be (1 + -1)/(-3 + 1). Suppose x + x - 168 = j. Suppose 0 = -4*b + o + 55, b + 2*b = 4*o + 38. Calculate the greatest common factor of b and x.
14
Suppose -2*q + 12 = 2*q. Calculate the highest common factor of 24 and q.
3
Suppose 4*k = -o + 8, k - 20 = -3*o + 26. Let s be 2/(-3)*(-93 + -3). Calculate the highest common factor of o and s.
16
Suppose 4*j - 5 = 3. Let y be (-24 + 0)*(-4)/6. Suppose -2 = -j*p + y. What is the greatest common divisor of 45 and p?
9
Suppose 30 = 5*z - 4*a, 2*a - 24 = -4*z - 0*z. What is the greatest common divisor of z and 48?
6
Suppose 0 = r - 128 - 374. Suppose r = 3*c + 82. What is the highest common factor of c and 20?
20
Let p(z) = 42*z**2 + 5*z - 2. Let n(w) = -63*w**2 - 8*w + 3. Let u(l) = 5*n(l) + 8*p(l). Let d be u(-1). What is the greatest common divisor of 60 and d?
20
Suppose -h = 3*h - 2*s - 48, 3*s = 5*h - 61. Let q be h/(-3*(-2)/6). Calculate the greatest common factor of q and 55.
11
Let b(w) = w**2 - 6*w + 13. Let y(u) = -u + 9. Let d be y(0). Let o be b(d). Let a = 1 + 4. Calculate the highest common factor of o and a.
5
Let q be 16*(-2 + (-7)/(-2)). What is the highest common factor of 12 and q?
12
Let w(z) = 2*z**2 - z - 1. Let g = 3 + -4. Let t be w(g). What is the highest common factor of t and 12?
2
Suppose 0*u + 2*u - 16 = 0. Let i = u + 8. Calculate the greatest common factor of 24 and i.
8
Let b(z) = 3*z**3 - 2*z**2 - 3*z + 5. Let a be b(2). What is the greatest common divisor of 120 and a?
15
Let m = 1 - -1. Suppose -13 + 37 = 3*x - m*u, 4*u = 4*x - 36. Let k be x/12 + 194/4. Calculate the greatest common divisor of 7 and k.
7
Let d be (-6)/4 + (-837)/(-18). Calculate the greatest common factor of d and 9.
9
Let j(f) = 4*f**3 + f**2 - 1. Let g be j(-1). Let o be 4/8 + (-262)/g. Calculate the greatest common factor of 6 and o.
6
Let b be 16/30*51 - 2/10. Calculate the greatest common factor of b and 270.
27
Let t(q) = -q**2 + q. Let w be t(1). Let a be (2 - w) + 49 - 3. What is the highest common divisor of a and 6?
6
Let r = 11 + 2. Let q = -9 - -5. Let p be (131 + -1)*(-2)/q. What is the greatest common divisor of p and r?
13
Let m = -49 + 73. What is the highest common factor of m and 216?
24
Suppose -3*t - 36 = -4*t. What is the greatest common divisor of 4 and t?
4
Let d be (-10)/85 - 376/(-17). Calculate the highest common factor of d and 110.
22
Let c(n) = -n**3 - 9*n**2 - 23*n + 3. Let z be c(-6). Calculate the highest common divisor of 55 and z.
11
Let i(a) = 3*a**2 + 3*a. Let v be i(-2). Let t be (4/(-3))/(v/45). Let h be 2/10 + (-838)/t. Calculate the highest common factor of 12 and h.
12
Suppose 0 = -4*u - 0*u + 3*o + 52, 0 = u - 5*o - 13. Calculate the greatest common factor of u and 13.
13
Suppose -4*v - 2*g + 78 + 20 = 0, v - 32 = -2*g. Let x = 30 - 5. Let p be (22/10)/(5/x). Calculate the highest common factor of p and v.
11
Let a = 31 + -3. Suppose -4*r + a + 44 = 0. Calculate the highest common factor of r and 18.
18
Suppose -5*o + 34 = -16. Suppose 0 = 4*l - 1 - 7. Calculate the highest common divisor of l and o.
2
Suppose -2*q + 8*q = 84. Calculate the greatest common factor of 112 and q.
14
Let z be -1*(4 + -1)*-1. Let h be (5/(-2) - -2)*-8. Suppose 0 = z*g - h*g + 20. What is the highest common divisor of 4 and g?
4
Let m(l) = l**2 + 8*l - 15. Let z be m(-11). Calculate the greatest common divisor of z and 45.
9
Let j(k) = -8*k**3 - 1. Let q be j(-1). Suppose -2*u = -q*u + 60. What is the highest common divisor of u and 60?
12
Suppose -22 = -5*m - 2. What is the highest common factor of 44 and m?
4
Let l be 103 - 1*2/(-2). Suppose -4*x + l = -2*c, 0*x + 4*c - 32 = -2*x. Let s be (3/6 - 0)*x. What is the highest common divisor of 6 and s?
6
Let q = -7 - -31. Calculate the greatest common factor of 3 and q.
3
Let r(x) = 14*x - 13*x + 0 - 2. Suppose 0*q + 5*q - 15 = 0. Let n be r(q). Calculate the highest common factor of n and 7.
1
Let w = 17 + -2. What is the greatest common factor of w and 135?
15
Let r be 1*((2 - 0) + -3). Let q(y) = -105*y**3. Let t be q(r). Let j be (-1)/(0 - (-2)/(-30)). What is the greatest common divisor of t and j?
15
Suppose c + 0*f = f, -2*c = 4*f - 12. Suppose -c*q = -z + 3*q + 20, -5*q - 45 = -2*z. Calculate the highest common factor of 75 and z.
25
Let y(f) = f**2 - 6*f + 9. Let u be y(5). Suppose 0 = u*m - 854 + 170. Calculate the greatest common factor of m and 19.
19
Suppose -4*t + 25 = 4*z - t, 0 = 5*z + 3*t - 35. What is the greatest common divisor of 20 and z?
10
Let n be (1755/180)/((-1)/(-12)). What is the highest common factor of n and 39?
39
Suppose 5*p + 10 = 7*p. Let q = 7 - p. Calculate the highest common factor of 14 and q.
2
Suppose 6*a = -266 + 344. Suppose 5*p = 4 + 581. Calculate the greatest common factor of a and p.
13
Let m(h) be the second derivative of -h**5/5 + h**4/4 - h**3/2 - h**2/2 - 2*h. Let t be m(-3). Calculate the highest common factor of 13 and t.
13
Let c be (-4 + 313)/((-3)/(-2)). Let h = c - 104. What is the highest common factor of 17 and h?
17
Let f be (-2)/(((-32)/76)/4). Calculate the greatest common divisor of 19 and f.
19
Let x = -58 - -82. Suppose -2*b - 3*c = -15, -3 = 2*b - 3*c - 36. What is the highest common divisor of x and b?
12
Suppose -k + 6 + 2 = 0. Let x be 11/(-3) + 6/9. Let j be 1 + (-3)/(x/47). What is the highest common factor of j and